{"id":2523,"date":"2020-07-29T15:40:23","date_gmt":"2020-07-29T13:40:23","guid":{"rendered":"https:\/\/www.cadeaux.com\/blog\/?page_id=2523"},"modified":"2022-11-21T16:53:25","modified_gmt":"2022-11-21T15:53:25","slug":"combien-donner-a-un-pretre-pour-un-bapteme","status":"publish","type":"page","link":"https:\/\/www.cadeaux.com\/blog\/combien-donner-a-un-pretre-pour-un-bapteme\/","title":{"rendered":"Combien donner \u00e0 un pr\u00eatre pour un bapt\u00eame ? [R\u00e9solu]"},"content":{"rendered":"<p><strong>Lorsque les parents d\u00e9couvrent pour la premi\u00e8re fois ce que repr\u00e9sente r\u00e9ellement l\u2019organisation d\u2019un bapt\u00eame, tout un tas de questions leur vient en t\u00eate. Ils se rendent compte notamment\u00a0que le pr\u00eatre joue un r\u00f4le essentiel dans l\u2019organisation de la c\u00e9r\u00e9monie religieuse. En fonction des paroisses, il est plus au moins pr\u00e9sent dans l\u2019organisation et prend un certain nombre d\u2019initiatives, un travail que certains pensent devoir r\u00e9mun\u00e9rer. Faut-il r\u00e9ellement payer le cur\u00e9 ? Combien faut-il lui donner pour c\u00e9l\u00e9brer le bapt\u00eame d\u2019un enfant ? La collecte suffit-elle ?\u00a0<\/strong><\/p>\n\n\n\n<ul><li><strong><a href=\"#implication-du-pretre\">L\u2019implication du pr\u00eatre dans le bapt\u00eame<\/a><\/strong><\/li><li><strong><a href=\"#bapteme-payant\">Le bapt\u00eame est-il payant ?<\/a><\/strong><\/li><\/ul>\n\n\n<div class=\"wp-block-image\">\n<figure class=\"aligncenter size-large\"><img fetchpriority=\"high\" decoding=\"async\" width=\"1024\" height=\"683\" src=\"https:\/\/www.cadeaux.com\/blog\/wp-content\/uploads\/2020\/07\/AdobeStock_215677975-1-1024x683.jpeg\" alt=\"Le pr\u00eatre baptise un b\u00e9b\u00e9. Combien d'argent donner au pr\u00eatre \u00e0 un bapt\u00eame ?\" class=\"wp-image-2530\" srcset=\"https:\/\/www.cadeaux.com\/blog\/wp-content\/uploads\/2020\/07\/AdobeStock_215677975-1-1024x683.jpeg 1024w, https:\/\/www.cadeaux.com\/blog\/wp-content\/uploads\/2020\/07\/AdobeStock_215677975-1-300x200.jpeg 300w, https:\/\/www.cadeaux.com\/blog\/wp-content\/uploads\/2020\/07\/AdobeStock_215677975-1-768x512.jpeg 768w, https:\/\/www.cadeaux.com\/blog\/wp-content\/uploads\/2020\/07\/AdobeStock_215677975-1.jpeg 1500w\" sizes=\"(max-width: 1024px) 100vw, 1024px\"><\/figure><\/div>\n\n\n<div id=\"implication-du-pretre\"><h2>L\u2019implication du pr\u00eatre dans le bapt\u00eame<\/h2><\/div>\n\n\n\n<p>Le bapt\u00eame peut \u00eatre donn\u00e9 par un pr\u00eatre, un cur\u00e9, un diacre ou tout autre officiant ayant les capacit\u00e9s de livrer ce sacrement. Dans certains rites chr\u00e9tiens, un la\u00efc est m\u00eame en mesure d\u2019officier lors d\u2019un bapt\u00eame. Dans la religion catholique, il s\u2019agit la plupart du temps, du cur\u00e9 de la paroisse, qui est en charge d\u2019officier lors de la messe de bapt\u00eame. Outre\u00a0son r\u00f4le d\u2019officiant durant la c\u00e9r\u00e9monie,<strong> le pr\u00eatre joue un r\u00f4le actif dans la pr\u00e9paration\u00a0du bapt\u00eame<\/strong>.\u00a0<\/p>\n\n\n\n<p>Comme pour chaque sacrement que re\u00e7oit un chr\u00e9tien tout au long de sa vie, le pr\u00eatre ne prend pas cet engagement \u00e0 la l\u00e9g\u00e8re. Il est de son ressort de <strong>s\u2019assurer du s\u00e9rieux de l\u2019intention des parents, du parrain et de la marraine<\/strong>, lorsqu\u2019ils indiquent vouloir faire baptiser l\u2019enfant. Il s\u2019agit d\u2019un \u00e9v\u00e9nement\u00a0important, bien que souvent, pour les chr\u00e9tiens non-pratiquants, le bapt\u00eame reste un \u00e9v\u00e9nement lointain, qui s\u2019est d\u00e9roul\u00e9 durant la petite enfance. En effet, chez les catholiques, le bapt\u00eame a lieu quelques mois apr\u00e8s la naissance et le baptis\u00e9 ne garde donc aucun souvenir de ce jour-l\u00e0. Bien des ann\u00e9es plus tard, lors de la pr\u00e9paration de son mariage, le futur mari\u00e9\u00a0va se demander <a href=\"https:\/\/www.cadeaux.com\/blog\/ou-trouver-mon-acte-de-bapteme\/\" target=\"_blank\" rel=\"noreferrer noopener\">o\u00f9 trouver son acte de bapt\u00eame<\/a>, pour prouver au dioc\u00e8se qu\u2019il a bien \u00e9t\u00e9 baptis\u00e9. C\u2019est effectivement <strong>\u00e0 l\u2019occasion des pr\u00e9paratifs du mariage que le pr\u00eatre entre de nouveau en sc\u00e8ne<\/strong>, pour en savoir plus sur les intentions des futurs mari\u00e9s et la fa\u00e7on dont ils vivent leur foi.\u00a0<\/p>\n\n\n\n<p>Entre le bapt\u00eame et le mariage, le cur\u00e9 est \u00e9galement impliqu\u00e9 \u00e0 un autre moment de la vie des fid\u00e8les. \u00c0 l\u2019occasion de la <strong>communion<\/strong>, il veille au bon d\u00e9roulement du cat\u00e9chisme et il lui arrive m\u00eame de dispenser des cours de cat\u00e9chisme si aucune autre personne n\u2019est disponible pour l\u2019assister. Pour toutes ses raisons, <strong>il est de coutume de le r\u00e9mun\u00e9rer, lorsqu\u2019il c\u00e9l\u00e8bre des grandes c\u00e9r\u00e9monies<\/strong>. Tout comme les familles pr\u00e9voient une enveloppe lorsqu\u2019elles souhaitent inclure une pri\u00e8re sp\u00e9ciale \u00e0 l\u2019intention des membres d\u00e9funts de leur\u00a0famille lors d\u2019une messe habituelle.\u00a0<\/p>\n\n\n\n<div id=\"bapteme-payant\"><h2>Le bapt\u00eame est-il payant ?<\/h2><\/div>\n\n\n\n<p>Selon les rites, la r\u00e9ponse est diff\u00e9rente. Selon les pays et la fa\u00e7on dont l\u2019\u00c9glise est financ\u00e9e, la r\u00e9ponse est \u00e9galement diff\u00e9rente. Dans certains pays, le culte re\u00e7oit des subsides de l\u2019\u00c9tat et dans certains pays, les cur\u00e9s sont m\u00eame consid\u00e9r\u00e9s comme des fonctionnaires. Alors que dans de nombreux pays la\u00efques ou s\u00e9cularis\u00e9s, l\u2019\u00c9glise catholique fonctionne uniquement gr\u00e2ce \u00e0 la <strong>participation financi\u00e8re de ses fid\u00e8les<\/strong>, principalement au moment de donner l\u2019offrande. C\u2019est pour cette raison qu\u2019il est de coutume de <strong>laisser une enveloppe apr\u00e8s l\u2019office<\/strong>, et notamment lors des messes sp\u00e9ciales comme les bapt\u00eames, les communions, les mariages ou les enterrements.<\/p>\n\n\n\n<p><strong>Officiellement, le dioc\u00e8se ne demande pas \u00e0 ce que les parents paient pour le bapt\u00eame de leurs enfants<\/strong>. Il s\u2019agit d\u2019un acte de foi encourag\u00e9 par l\u2019\u00c9glise et il serait absurde de refuser aux enfants de recevoir la lumi\u00e8re de Dieu, \u00e0 cause de la situation financi\u00e8re de leurs parents. <strong>N\u00e9anmoins, dans les faits, cela peut diff\u00e9rer d\u2019une paroisse \u00e0 une autre<\/strong>. Il se peut que, pour des raisons administratives et pour couvrir des frais li\u00e9s \u00e0 la c\u00e9l\u00e9bration, <strong>le presbyt\u00e8re demande une participation de 25 \u00e0 50 euros<\/strong>. Si la famille n\u2019est pas en mesure de payer la somme, il sera dans la plupart des cas, possible de le faire savoir. Sinon, le parrain et la marraine peuvent \u00e9galement participer pour all\u00e9ger les frais.\u00a0<\/p>\n\n\n\n<p>Si le presbyt\u00e8re n\u2019aborde pas la question de l\u2019argent, c\u2019est qu\u2019officiellement rien n\u2019est attendu de la part de la famille. Malgr\u00e9 tout, par convenance, politesse et respect pour l\u2019implication\u00a0active du pr\u00eatre dans l\u2019organisation et pour la c\u00e9l\u00e9bration du bapt\u00eame, il est recommand\u00e9 de laisser une offrande \u00e0 la fin de l\u2019office. L\u2019enveloppe peut \u00e9galement \u00eatre d\u00e9pos\u00e9e au moment de la collecte. <strong>Chaque famille est appel\u00e9e \u00e0 donner en fonction de ses moyens sans mettre en p\u00e9ril sa\u00a0situation financi\u00e8re<\/strong>. La somme donn\u00e9e va en g\u00e9n\u00e9ral de <strong>25 \u00e0 80 euros<\/strong>, sachant que la moyenne est d\u2019environ 50 euros.\u00a0<\/p>\n\n\n\n<figure class=\"wp-block-gallery aligncenter has-nested-images columns-default is-cropped wp-block-gallery-1 is-layout-flex wp-block-gallery-is-layout-flex\">\n<figure class=\"wp-block-image size-large is-style-rounded\"><img decoding=\"async\" width=\"800\" height=\"640\" data-id=\"2705\" src=\"https:\/\/www.cadeaux.com\/blog\/wp-content\/uploads\/2020\/08\/tirelire-petit-panda-1-zoom.jpg\" alt=\"Tirelire personnalis\u00e9e Les pi\u00e8ces d'or de Manon \u00e0 offrir pour un bapt\u00eame\" class=\"wp-image-2705\" srcset=\"https:\/\/www.cadeaux.com\/blog\/wp-content\/uploads\/2020\/08\/tirelire-petit-panda-1-zoom.jpg 800w, https:\/\/www.cadeaux.com\/blog\/wp-content\/uploads\/2020\/08\/tirelire-petit-panda-1-zoom-300x240.jpg 300w, https:\/\/www.cadeaux.com\/blog\/wp-content\/uploads\/2020\/08\/tirelire-petit-panda-1-zoom-768x614.jpg 768w\" sizes=\"(max-width: 800px) 100vw, 800px\"><\/figure>\n\n\n\n<figure class=\"wp-block-image size-large is-style-rounded\"><img decoding=\"async\" width=\"800\" height=\"640\" data-id=\"2706\" src=\"https:\/\/www.cadeaux.com\/blog\/wp-content\/uploads\/2020\/08\/cadre-subli-naissance-garcon-2-zoom.jpg\" alt=\"Cadre photo personnalis\u00e9 avec le pr\u00e9nom du b\u00e9b\u00e9 et une petite phrase. La photo repr\u00e9sente un b\u00e9b\u00e9 endormi qui suce son pouce.\" class=\"wp-image-2706\" srcset=\"https:\/\/www.cadeaux.com\/blog\/wp-content\/uploads\/2020\/08\/cadre-subli-naissance-garcon-2-zoom.jpg 800w, https:\/\/www.cadeaux.com\/blog\/wp-content\/uploads\/2020\/08\/cadre-subli-naissance-garcon-2-zoom-300x240.jpg 300w, https:\/\/www.cadeaux.com\/blog\/wp-content\/uploads\/2020\/08\/cadre-subli-naissance-garcon-2-zoom-768x614.jpg 768w\" sizes=\"(max-width: 800px) 100vw, 800px\"><\/figure>\n\n\n\n<figure class=\"wp-block-image size-large is-style-rounded\"><img loading=\"lazy\" decoding=\"async\" width=\"800\" height=\"640\" data-id=\"2686\" src=\"https:\/\/www.cadeaux.com\/blog\/wp-content\/uploads\/2020\/08\/collier-croix-bapteme-3-zoom.jpg\" alt=\"Colliers avec pendentifs en forme de croix, disponibles en or et argent. Les pendentifs sont personnalis\u00e9s avec un pr\u00e9nom\" class=\"wp-image-2686\" srcset=\"https:\/\/www.cadeaux.com\/blog\/wp-content\/uploads\/2020\/08\/collier-croix-bapteme-3-zoom.jpg 800w, https:\/\/www.cadeaux.com\/blog\/wp-content\/uploads\/2020\/08\/collier-croix-bapteme-3-zoom-300x240.jpg 300w, https:\/\/www.cadeaux.com\/blog\/wp-content\/uploads\/2020\/08\/collier-croix-bapteme-3-zoom-768x614.jpg 768w\" sizes=\"(max-width: 800px) 100vw, 800px\"><\/figure>\n<\/figure>\n\n\n\n<div class=\"wp-block-buttons is-layout-flex wp-block-buttons-is-layout-flex\">\n<div class=\"wp-block-button aligncenter\"><a class=\"wp-block-button__link has-background\" href=\"https:\/\/www.cadeaux.com\/cadeau-bapteme?utm_source=blog&amp;utm_medium=organic&amp;utm_campaign=bapteme\" style=\"background-color:#e6274d\" target=\"_blank\" rel=\"noreferrer noopener\">Voir les produits<\/a><\/div>\n<\/div>\n\n\n","protected":false},"excerpt":{"rendered":"<p>Lorsque les parents d\u00e9couvrent pour la premi\u00e8re fois ce que repr\u00e9sente r\u00e9ellement l\u2019organisation d\u2019un bapt\u00eame, tout un tas de questions leur vient en t\u00eate. Ils se rendent compte notamment\u00a0que le pr\u00eatre joue un r\u00f4le essentiel dans l\u2019organisation de la c\u00e9r\u00e9monie&#8230;<\/p>\n","protected":false},"author":6,"featured_media":2530,"parent":0,"menu_order":0,"comment_status":"closed","ping_status":"closed","template":"","meta":{"footnotes":""},"categories":[],"tags":[],"acf":[],"yoast_head":"<!-- This site is optimized with the Yoast SEO plugin v21.5 - https:\/\/yoast.com\/wordpress\/plugins\/seo\/ -->\n<title>Combien donner \u00e0 un pr\u00eatre pour un bapt\u00eame ? [R\u00e9solu]<\/title>\n<meta name=\"description\" content=\"Pour un bapt\u00eame, faut-il r\u00e9ellement payer le cur\u00e9 ? Combien faut-il lui donner pour c\u00e9l\u00e9brer le bapt\u00eame d&#039;un enfant ? La collecte suffit-elle ?\" \/>\n<meta name=\"robots\" content=\"index, follow, max-snippet:-1, max-image-preview:large, max-video-preview:-1\" \/>\n<link rel=\"canonical\" href=\"https:\/\/www.cadeaux.com\/blog\/combien-donner-a-un-pretre-pour-un-bapteme\/\" \/>\n<meta property=\"og:locale\" content=\"fr_FR\" \/>\n<meta property=\"og:type\" content=\"article\" \/>\n<meta property=\"og:title\" content=\"Combien donner \u00e0 un pr\u00eatre pour un bapt\u00eame ? [R\u00e9solu]\" \/>\n<meta property=\"og:description\" content=\"Pour un bapt\u00eame, faut-il r\u00e9ellement payer le cur\u00e9 ? Combien faut-il lui donner pour c\u00e9l\u00e9brer le bapt\u00eame d&#039;un enfant ? La collecte suffit-elle ?\" \/>\n<meta property=\"og:url\" content=\"https:\/\/www.cadeaux.com\/blog\/combien-donner-a-un-pretre-pour-un-bapteme\/\" \/>\n<meta property=\"og:site_name\" content=\"Le Mag de Cadeaux.com\" \/>\n<meta property=\"article:publisher\" content=\"https:\/\/fr-fr.facebook.com\/cadeauxcom\/\" \/>\n<meta property=\"article:modified_time\" content=\"2022-11-21T15:53:25+00:00\" \/>\n<meta property=\"og:image\" content=\"https:\/\/www.cadeaux.com\/blog\/wp-content\/uploads\/2020\/07\/AdobeStock_215677975-1.jpeg\" \/>\n\t<meta property=\"og:image:width\" content=\"1500\" \/>\n\t<meta property=\"og:image:height\" content=\"1000\" \/>\n\t<meta property=\"og:image:type\" content=\"image\/jpeg\" \/>\n<meta name=\"twitter:card\" content=\"summary_large_image\" \/>\n<meta name=\"twitter:label1\" content=\"Dur\u00e9e de lecture estim\u00e9e\" \/>\n\t<meta name=\"twitter:data1\" content=\"5 minutes\" \/>\n<script type=\"application\/ld+json\" class=\"yoast-schema-graph\">{\"@context\":\"https:\/\/schema.org\",\"@graph\":[{\"@type\":\"WebPage\",\"@id\":\"https:\/\/www.cadeaux.com\/blog\/combien-donner-a-un-pretre-pour-un-bapteme\/\",\"url\":\"https:\/\/www.cadeaux.com\/blog\/combien-donner-a-un-pretre-pour-un-bapteme\/\",\"name\":\"Combien donner \u00e0 un pr\u00eatre pour un bapt\u00eame ? [R\u00e9solu]\",\"isPartOf\":{\"@id\":\"https:\/\/www.cadeaux.com\/blog\/#website\"},\"datePublished\":\"2020-07-29T13:40:23+00:00\",\"dateModified\":\"2022-11-21T15:53:25+00:00\",\"description\":\"Pour un bapt\u00eame, faut-il r\u00e9ellement payer le cur\u00e9 ? Combien faut-il lui donner pour c\u00e9l\u00e9brer le bapt\u00eame d'un enfant ? La collecte suffit-elle ?\",\"breadcrumb\":{\"@id\":\"https:\/\/www.cadeaux.com\/blog\/combien-donner-a-un-pretre-pour-un-bapteme\/#breadcrumb\"},\"inLanguage\":\"fr-FR\",\"potentialAction\":[{\"@type\":\"ReadAction\",\"target\":[\"https:\/\/www.cadeaux.com\/blog\/combien-donner-a-un-pretre-pour-un-bapteme\/\"]}]},{\"@type\":\"BreadcrumbList\",\"@id\":\"https:\/\/www.cadeaux.com\/blog\/combien-donner-a-un-pretre-pour-un-bapteme\/#breadcrumb\",\"itemListElement\":[{\"@type\":\"ListItem\",\"position\":1,\"name\":\"Accueil\",\"item\":\"https:\/\/www.cadeaux.com\/blog\/\"},{\"@type\":\"ListItem\",\"position\":2,\"name\":\"Combien donner \u00e0 un pr\u00eatre pour un bapt\u00eame ? [R\u00e9solu]\"}]},{\"@type\":\"WebSite\",\"@id\":\"https:\/\/www.cadeaux.com\/blog\/#website\",\"url\":\"https:\/\/www.cadeaux.com\/blog\/\",\"name\":\"Le Mag de Cadeaux.com\",\"description\":\"\",\"publisher\":{\"@id\":\"https:\/\/www.cadeaux.com\/blog\/#organization\"},\"potentialAction\":[{\"@type\":\"SearchAction\",\"target\":{\"@type\":\"EntryPoint\",\"urlTemplate\":\"https:\/\/www.cadeaux.com\/blog\/?s={search_term_string}\"},\"query-input\":\"required name=search_term_string\"}],\"inLanguage\":\"fr-FR\"},{\"@type\":\"Organization\",\"@id\":\"https:\/\/www.cadeaux.com\/blog\/#organization\",\"name\":\"Cadeaux.com\",\"url\":\"https:\/\/www.cadeaux.com\/blog\/\",\"logo\":{\"@type\":\"ImageObject\",\"inLanguage\":\"fr-FR\",\"@id\":\"https:\/\/www.cadeaux.com\/blog\/#\/schema\/logo\/image\/\",\"url\":\"https:\/\/www.cadeaux.com\/blog\/wp-content\/uploads\/2019\/07\/logo-cadeaux.png\",\"contentUrl\":\"https:\/\/www.cadeaux.com\/blog\/wp-content\/uploads\/2019\/07\/logo-cadeaux.png\",\"width\":587,\"height\":120,\"caption\":\"Cadeaux.com\"},\"image\":{\"@id\":\"https:\/\/www.cadeaux.com\/blog\/#\/schema\/logo\/image\/\"},\"sameAs\":[\"https:\/\/fr-fr.facebook.com\/cadeauxcom\/\",\"https:\/\/www.instagram.com\/cadeaux_com\/\"]}]}<\/script>\n<!-- \/ Yoast SEO plugin. -->","yoast_head_json":{"title":"Combien donner \u00e0 un pr\u00eatre pour un bapt\u00eame ? [R\u00e9solu]","description":"Pour un bapt\u00eame, faut-il r\u00e9ellement payer le cur\u00e9 ? Combien faut-il lui donner pour c\u00e9l\u00e9brer le bapt\u00eame d'un enfant ? La collecte suffit-elle ?","robots":{"index":"index","follow":"follow","max-snippet":"max-snippet:-1","max-image-preview":"max-image-preview:large","max-video-preview":"max-video-preview:-1"},"canonical":"https:\/\/www.cadeaux.com\/blog\/combien-donner-a-un-pretre-pour-un-bapteme\/","og_locale":"fr_FR","og_type":"article","og_title":"Combien donner \u00e0 un pr\u00eatre pour un bapt\u00eame ? [R\u00e9solu]","og_description":"Pour un bapt\u00eame, faut-il r\u00e9ellement payer le cur\u00e9 ? Combien faut-il lui donner pour c\u00e9l\u00e9brer le bapt\u00eame d'un enfant ? La collecte suffit-elle ?","og_url":"https:\/\/www.cadeaux.com\/blog\/combien-donner-a-un-pretre-pour-un-bapteme\/","og_site_name":"Le Mag de Cadeaux.com","article_publisher":"https:\/\/fr-fr.facebook.com\/cadeauxcom\/","article_modified_time":"2022-11-21T15:53:25+00:00","og_image":[{"width":1500,"height":1000,"url":"https:\/\/www.cadeaux.com\/blog\/wp-content\/uploads\/2020\/07\/AdobeStock_215677975-1.jpeg","type":"image\/jpeg"}],"twitter_card":"summary_large_image","twitter_misc":{"Dur\u00e9e de lecture estim\u00e9e":"5 minutes"},"schema":{"@context":"https:\/\/schema.org","@graph":[{"@type":"WebPage","@id":"https:\/\/www.cadeaux.com\/blog\/combien-donner-a-un-pretre-pour-un-bapteme\/","url":"https:\/\/www.cadeaux.com\/blog\/combien-donner-a-un-pretre-pour-un-bapteme\/","name":"Combien donner \u00e0 un pr\u00eatre pour un bapt\u00eame ? [R\u00e9solu]","isPartOf":{"@id":"https:\/\/www.cadeaux.com\/blog\/#website"},"datePublished":"2020-07-29T13:40:23+00:00","dateModified":"2022-11-21T15:53:25+00:00","description":"Pour un bapt\u00eame, faut-il r\u00e9ellement payer le cur\u00e9 ? Combien faut-il lui donner pour c\u00e9l\u00e9brer le bapt\u00eame d'un enfant ? La collecte suffit-elle ?","breadcrumb":{"@id":"https:\/\/www.cadeaux.com\/blog\/combien-donner-a-un-pretre-pour-un-bapteme\/#breadcrumb"},"inLanguage":"fr-FR","potentialAction":[{"@type":"ReadAction","target":["https:\/\/www.cadeaux.com\/blog\/combien-donner-a-un-pretre-pour-un-bapteme\/"]}]},{"@type":"BreadcrumbList","@id":"https:\/\/www.cadeaux.com\/blog\/combien-donner-a-un-pretre-pour-un-bapteme\/#breadcrumb","itemListElement":[{"@type":"ListItem","position":1,"name":"Accueil","item":"https:\/\/www.cadeaux.com\/blog\/"},{"@type":"ListItem","position":2,"name":"Combien donner \u00e0 un pr\u00eatre pour un bapt\u00eame ? [R\u00e9solu]"}]},{"@type":"WebSite","@id":"https:\/\/www.cadeaux.com\/blog\/#website","url":"https:\/\/www.cadeaux.com\/blog\/","name":"Le Mag de Cadeaux.com","description":"","publisher":{"@id":"https:\/\/www.cadeaux.com\/blog\/#organization"},"potentialAction":[{"@type":"SearchAction","target":{"@type":"EntryPoint","urlTemplate":"https:\/\/www.cadeaux.com\/blog\/?s={search_term_string}"},"query-input":"required name=search_term_string"}],"inLanguage":"fr-FR"},{"@type":"Organization","@id":"https:\/\/www.cadeaux.com\/blog\/#organization","name":"Cadeaux.com","url":"https:\/\/www.cadeaux.com\/blog\/","logo":{"@type":"ImageObject","inLanguage":"fr-FR","@id":"https:\/\/www.cadeaux.com\/blog\/#\/schema\/logo\/image\/","url":"https:\/\/www.cadeaux.com\/blog\/wp-content\/uploads\/2019\/07\/logo-cadeaux.png","contentUrl":"https:\/\/www.cadeaux.com\/blog\/wp-content\/uploads\/2019\/07\/logo-cadeaux.png","width":587,"height":120,"caption":"Cadeaux.com"},"image":{"@id":"https:\/\/www.cadeaux.com\/blog\/#\/schema\/logo\/image\/"},"sameAs":["https:\/\/fr-fr.facebook.com\/cadeauxcom\/","https:\/\/www.instagram.com\/cadeaux_com\/"]}]}},"_links":{"self":[{"href":"https:\/\/www.cadeaux.com\/blog\/wp-json\/wp\/v2\/pages\/2523"}],"collection":[{"href":"https:\/\/www.cadeaux.com\/blog\/wp-json\/wp\/v2\/pages"}],"about":[{"href":"https:\/\/www.cadeaux.com\/blog\/wp-json\/wp\/v2\/types\/page"}],"author":[{"embeddable":true,"href":"https:\/\/www.cadeaux.com\/blog\/wp-json\/wp\/v2\/users\/6"}],"replies":[{"embeddable":true,"href":"https:\/\/www.cadeaux.com\/blog\/wp-json\/wp\/v2\/comments?post=2523"}],"version-history":[{"count":10,"href":"https:\/\/www.cadeaux.com\/blog\/wp-json\/wp\/v2\/pages\/2523\/revisions"}],"predecessor-version":[{"id":6330,"href":"https:\/\/www.cadeaux.com\/blog\/wp-json\/wp\/v2\/pages\/2523\/revisions\/6330"}],"wp:featuredmedia":[{"embeddable":true,"href":"https:\/\/www.cadeaux.com\/blog\/wp-json\/wp\/v2\/media\/2530"}],"wp:attachment":[{"href":"https:\/\/www.cadeaux.com\/blog\/wp-json\/wp\/v2\/media?parent=2523"}],"wp:term":[{"taxonomy":"category","embeddable":true,"href":"https:\/\/www.cadeaux.com\/blog\/wp-json\/wp\/v2\/categories?post=2523"},{"taxonomy":"post_tag","embeddable":true,"href":"https:\/\/www.cadeaux.com\/blog\/wp-json\/wp\/v2\/tags?post=2523"}],"curies":[{"name":"wp","href":"https:\/\/api.w.org\/{rel}","templated":true}]}}